{"id":882,"date":"2023-08-29T10:50:57","date_gmt":"2023-08-29T10:50:57","guid":{"rendered":"https:\/\/u2.cirsfid.unibo.it\/legaldesign\/?page_id=882"},"modified":"2023-08-29T11:09:23","modified_gmt":"2023-08-29T11:09:23","slug":"cose-il-fondo-morosita-incolpevole","status":"publish","type":"page","link":"https:\/\/u2.cirsfid.unibo.it\/legaldesign\/?page_id=882","title":{"rendered":"Cos&#8217;\u00e8 il fondo morosit\u00e0 incolpevole?"},"content":{"rendered":"\n<p>\u00c8 uno strumento a sostegno dei conduttore che non \u00e8 in grado, senza colpa, di pagare i canoni di locazione<\/p>\n\n\n\n<div class=\"wp-block-columns is-not-stacked-on-mobile is-layout-flex wp-container-core-columns-is-layout-28f84493 wp-block-columns-is-layout-flex\">\n<div class=\"wp-block-column is-layout-flow wp-block-column-is-layout-flow\" style=\"flex-basis:33.33%\">\n<div class=\"wp-block-cover is-light fit-img-content\" style=\"min-height:100%;aspect-ratio:unset;\"><span aria-hidden=\"true\" class=\"wp-block-cover__background has-background-dim-0 has-background-dim\"><\/span><img loading=\"lazy\" decoding=\"async\" width=\"84\" height=\"102\" class=\"wp-block-cover__image-background wp-image-911\" alt=\"\" src=\"https:\/\/u2.cirsfid.unibo.it\/legaldesign\/wp-content\/uploads\/2023\/08\/municipio-1.png\" data-object-fit=\"cover\"\/><div class=\"wp-block-cover__inner-container has-global-padding is-layout-constrained wp-block-cover-is-layout-constrained\">\n<p class=\"has-text-align-center has-large-font-size\"><\/p>\n<\/div><\/div>\n<\/div>\n\n\n\n<div class=\"wp-block-column is-layout-flow wp-block-column-is-layout-flow\" style=\"flex-basis:66.66%\">\n<h3 class=\"wp-block-heading\" style=\"font-size:clamp(1.502em, 1.502rem + ((1vw - 0.2em) * 1.815), 2.5em);\">Quali sono i requisiti per fare domanda?<\/h3>\n\n\n\n<p>difficolt\u00e0 economica del conduttore a pagare i canoni di locazione per perdita o riduzione del reddito del nucleo familiare.<\/p>\n<\/div>\n<\/div>\n\n\n\n<h3 class=\"wp-block-heading\" style=\"font-size:clamp(1.502em, 1.502rem + ((1vw - 0.2em) * 1.815), 2.5em);\">Quali sono i documenti da presentare?<\/h3>\n\n\n\n<ul class=\"wp-block-list\">\n<li>Documento di riconoscimento in corso di validit\u00e0<\/li>\n\n\n\n<li>Copia di regolare titolo di soggiorno <\/li>\n\n\n\n<li>Copia del contratto di locazione regolarmente registrato <\/li>\n\n\n\n<li>Documento attestante la perdita del reddito irpef del nucleo familiare superiore al 25%<\/li>\n<\/ul>\n\n\n\n<h3 class=\"wp-block-heading\" style=\"font-size:clamp(1.502em, 1.502rem + ((1vw - 0.2em) * 1.815), 2.5em);\">Come e dove si pu\u00f2 fare domanda?<\/h3>\n\n\n\n<p>Seguendo le indicazioni riportate nel sito web del Comune di riferimento.<\/p>\n\n\n\n<div style=\"height:1em\" aria-hidden=\"true\" class=\"wp-block-spacer\"><\/div>\n\n\n\n<div class=\"wp-block-buttons is-content-justification-space-between is-nowrap is-layout-flex wp-container-core-buttons-is-layout-5924e470 wp-block-buttons-is-layout-flex\">\n<div class=\"wp-block-button has-custom-font-size\" id=\"backButton\" style=\"font-size:0.7em\"><a class=\"wp-block-button__link wp-element-button\">&lt;&lt; Indietro<\/a><\/div>\n\n\n\n<div class=\"wp-block-button has-custom-font-size\" style=\"font-size:0.7em\"><a class=\"wp-block-button__link wp-element-button\" href=\"https:\/\/u2.cirsfid.unibo.it\/legaldesign\/?page_id=891\">Prossimo &gt;&gt;<\/a><\/div>\n<\/div>\n\n\n\n<div style=\"height:2em\" aria-hidden=\"true\" class=\"wp-block-spacer\"><\/div>\n","protected":false},"excerpt":{"rendered":"<p>\u00c8 uno strumento a sostegno dei conduttore che non \u00e8 in grado, senza colpa, di pagare i canoni di locazione Quali sono i requisiti per fare domanda? difficolt\u00e0 economica del conduttore a pagare i canoni di locazione per perdita o riduzione del reddito del nucleo familiare. Quali sono i documenti da presentare? Come e dove [&hellip;]<\/p>\n","protected":false},"author":2,"featured_media":0,"parent":0,"menu_order":0,"comment_status":"closed","ping_status":"closed","template":"sfratti-page","meta":{"footnotes":""},"class_list":["post-882","page","type-page","status-publish","hentry"],"_links":{"self":[{"href":"https:\/\/u2.cirsfid.unibo.it\/legaldesign\/index.php?rest_route=\/wp\/v2\/pages\/882","targetHints":{"allow":["GET"]}}],"collection":[{"href":"https:\/\/u2.cirsfid.unibo.it\/legaldesign\/index.php?rest_route=\/wp\/v2\/pages"}],"about":[{"href":"https:\/\/u2.cirsfid.unibo.it\/legaldesign\/index.php?rest_route=\/wp\/v2\/types\/page"}],"author":[{"embeddable":true,"href":"https:\/\/u2.cirsfid.unibo.it\/legaldesign\/index.php?rest_route=\/wp\/v2\/users\/2"}],"replies":[{"embeddable":true,"href":"https:\/\/u2.cirsfid.unibo.it\/legaldesign\/index.php?rest_route=%2Fwp%2Fv2%2Fcomments&post=882"}],"version-history":[{"count":4,"href":"https:\/\/u2.cirsfid.unibo.it\/legaldesign\/index.php?rest_route=\/wp\/v2\/pages\/882\/revisions"}],"predecessor-version":[{"id":914,"href":"https:\/\/u2.cirsfid.unibo.it\/legaldesign\/index.php?rest_route=\/wp\/v2\/pages\/882\/revisions\/914"}],"wp:attachment":[{"href":"https:\/\/u2.cirsfid.unibo.it\/legaldesign\/index.php?rest_route=%2Fwp%2Fv2%2Fmedia&parent=882"}],"curies":[{"name":"wp","href":"https:\/\/api.w.org\/{rel}","templated":true}]}}